(j) = -j**3 + j**2 + j + 1. Let g(u) = -4*u**3 + 7*u**2 + 4. Let k(s) = g(s) - 3*w(s). Let m = -4 + 6. Calculate the remainder when m is divided by k(3).
0
Calculate the remainder when (-22)/33*(-152 - 1) is divided by 26.
24
Let q(n) = -n**2 + 10*n - 10. What is the remainder when 44 is divided by q(5)?
14
Let w = 68 - 15. Suppose 5*j - 72 = -17. Calculate the remainder when w is divided by j.
9
Suppose -2*f - 2*f = 0. Let a = f + 30. Calculate the remainder when a is divided by 16.
14
Suppose -3*n + s + 9 = 0, 0*n + 3*n = 4*s + 18. Suppose 0 = -c + n. Calculate the remainder when c is divided by 1.
0
Suppose 0 = 3*w - 5*w + 8. What is the remainder when w is divided by 4?
0
Let d(m) = -23*m - 5. Let p be (1 - -2)/(3/(-2)). What is the remainder when d(p) is divided by 14?
13
Let k = -15 + 12. Let g(j) = -j**2 + 9*j + 5. What is the remainder when (-230)/(-6) - (-1)/k is divided by g(8)?
12
Let o = -88 - -106. What is the remainder when 52 is divided by o?
16
Let m(h) = -h**3 - 11*h**2 + 12*h + 3. Calculate the remainder when 14 is divided by m(-12).
2
Let a(d) = -51*d**3 - d**2 + d + 1. Let h be a(-1). Suppose -h = -k - 4*k. Calculate the remainder when k is divided by 4.
2
Suppose -222 = -3*p - 7*g + 4*g, p - 4*g = 74. What is the remainder when p is divided by 16?
10
Suppose -4*j + 32 = -s, j - 3*j - s = -22. Let q = -2 + 3. Suppose 4 + q = o. Calculate the remainder when j is divided by o.
4
Suppose 2*j + 2 - 8 = 0. Suppose -4*m + 44 + 4 = 0. Suppose -d = 2*d - m. What is the remainder when d is divided by j?
1
Let n(z) = -152*z. Let a be n(1). Calculate the remainder when (24/16)/((-6)/a) is divided by 13.
12
Calculate the remainder when -2*((1 - -2) + -14) is divided by (0 - -4)/(2/4).
6
Suppose -2*p + 9 = -p. Calculate the remainder when 42/p - 2/(-6) is divided by 4.
1
Suppose i - 19 = -14. What is the remainder when 19 is divided by i?
4
Let a = 5 - 3. Suppose -3*f + f - 2*n = -a, 3*n = -4*f + 5. Calculate the remainder when 31 is divided by (6 - -1) + -1 + f.
7
Calculate the remainder when 149 is divided by (8 - 4) + 12 + -1.
14
Let d(t) = -t**3 - 7*t**2 - 7*t - 5. Let b be d(-6). Calculate the remainder when 45 is divided by 17 + 2 + 3 + b.
22
Let n be ((-3)/2)/(15/(-20)). Let g be (-2)/2 - (n - 8). Suppose -g*b = -0*b - 380. What is the remainder when b is divided by 26?
24
Let z be (-1)/(-2*(-4)/(-152)). Let m(t) = t**3 - t**2 - t + 1. Let y be m(-2). Let b = z + y. What is the remainder when 19 is divided by b?
9
Let w(l) = -6*l + 3. Let v be w(-7). Let j = -24 + v. What is the remainder when j is divided by 12?
9
Let g = -5 + -9. What is the remainder when 64 is divided by 2/g + (-310)/(-14)?
20
Suppose -181 + 52 = -3*k. Let z = 108 - k. Suppose -6*m = -m - z. Calculate the remainder when 37 is divided by m.
11
Let n(u) = 2*u**2 + 10*u + 19. Suppose -4*r = -8*r + 128. What is the remainder when r is divided by n(-4)?
10
Let c = 25 + -14. What is the remainder when 41 is divided by c?
8
Suppose i = -0*i - 2. Let p be 1 + -3 + i + 1. What is the remainder when (p + 1)/1 - -15 is divided by 7?
6
Let r = -57 - -136. Calculate the remainder when r is divided by 12.
7
Suppose -p + 8 = 2*s - 9, -4*s = -16. Let n = p + -4. Suppose 3*k = -n*u + 19, -u - 2*u - 27 = -3*k. What is the remainder when 22 is divided by k?
6
Suppose 0 = 3*w - 7*w. Suppose w = 8*a - 7*a - 34. What is the remainder when a is divided by 9?
7
Let i be (8 + -7)*1*4. Calculate the remainder when 39 is divided by (33 - 13)*2/i.
9
Let h be (-1)/(-3)*(-8 - -8). Let q(u) = h*u**2 + 1 + 1 + 1 + u**2. What is the remainder when 7 is divided by q(0)?
1
Let i(p) = -p**3 - p**2 + p + 1. Let h(r) = 5*r**3 - 10*r - 5. Let z(q) = -h(q) - 6*i(q). What is the remainder when 56 is divided by z(-4)?
11
Let h(q) = q**3 + 4*q**2 - q - 4. Suppose -2*i - 3*l + 71 = -0, 0 = i - 3*l - 22. Calculate the remainder when i is divided by h(-3).
7
Suppose 2*v = -0*v + 4*x - 28, -3*v + 4*x - 38 = 0. Let p = 8 - v. Calculate the remainder when p is divided by 5.
3
Let u(a) = a**2 - 4*a - 3. What is the remainder when u(5) is divided by 2?
0
Let n(w) = -w**3 + 5*w**2 + 5*w + 9. What is the remainder when 3 is divided by n(6)?
0
Suppose -4*p + 82 + 110 = 0. Suppose 3 = -w + 28. What is the remainder when p is divided by w?
23
Suppose 2*d - 82 = -22. Let r = 43 - d. Calculate the remainder when 38 is divided by r.
12
Let h(s) = -44*s + 4. Let j be h(-4). Suppose 3*x + 0*x - 127 = -q, 0 = -4*x - 4*q + j. Suppose 4*v = -1 + x. Calculate the remainder when v is divided by 4.
2
Suppose -4*x - 14 = 26. Let p be (-2)/x + 1320/25. Suppose n - 32 = t - 3*t, 5*t + p = n. Calculate the remainder when n is divided by 13.
12
Suppose 0 = n + 4*n - 120. What is the remainder when (-411)/(-9) + 2/(-3) is divided by n?
21
Suppose -3*p - 4*m = 5, 0 = -6*m + 2*m - 8. Let a(v) = 3*v - 8*v - 3 + p + 4. Calculate the remainder when 46 is divided by a(-2).
10
Let d = 461 - 270. Calculate the remainder when d is divided by 48.
47
Calculate the remainder when ((-8)/(-12))/(((-30)/171)/(-5)) is divided by 10.
9
Suppose 3*p = -3*r - 0*r + 33, 0 = -2*r + p + 7. Let d be ((-8)/(-6))/(8/(-108)). Let s = d - -29. What is the remainder when s is divided by r?
5
Suppose 0 = -9*b + 753 - 303. Suppose 5*z + 4*s - 69 = 0, z - 3*z - 4*s + 30 = 0. What is the remainder when b is divided by z?
11
Let d(j) = 2*j**3 + 11*j**2 - j - 9. Let t(n) = -n**3 - n**2 + n. Let s(w) = -d(w) - t(w). Calculate the remainder when s(-10) is divided by 5.
4
Let x(n) = -4*n + 54. Let u(k) = k - 1. Let z(w) = 3*u(w) + x(w). Calculate the remainder when z(0) is divided by 13.
12
Suppose 3*j - 4*c = 21 + 50, 0 = -5*j + c + 141. Let t = j + -16. What is the remainder when t is divided by 4?
1
Let a(i) = -i**3 - 12*i**2 - 12*i + 7. Let v be a(-11). Suppose -k + v = 5. Let y = k - 8. Calculate the remainder when y is divided by 4.
1
Suppose 2*n - 4*m = m + 16, 2*n - 20 = 3*m. Let g(v) = -v**3 - 6*v**2 - 5*v + 7. Calculate the remainder when g(-6) is divided by n.
11
Suppose 3*k - 63 = -5*s, -49 + 11 = -2*s + 2*k. What is the remainder when 56 is divided by s?
11
Let s be -3 + (-1)/(4/144). What is the remainder when 22 is divided by (5/(-15))/(1/s)?
9
Let g = -2 + 6. Suppose 2*s = g*s - 10. What is the remainder when (-2 + 2 + s)*1 is divided by 3?
2
Let t(l) be the first derivative of -14*l**2 - l - 3. What is the remainder when t(-1) is divided by 14?
13
Suppose c - 13 + 2 = -2*q, -q = -4*c + 44. Calculate the remainder when 19 is divided by c.
8
Suppose -3*n = -5*n. Suppose -2*d + 3*x = -91, 2*d - 2*x - 96 = -n*d. What is the remainder when d is divided by 18?
17
Suppose -5*d - 1 = 3*c, 3*d = -4*c + 1 + 5. Suppose -j + 7 = -r - 20, -c*j + 4*r + 83 = 0. What is the remainder when j is divided by 9?
7
Suppose 8*o = 6*o + 86. What is the remainder when o is divided by 22?
21
Suppose 15*c = -10 + 250. Calculate the remainder when 33 is divided by c.
1
Let x(g) = g**3 - 10*g**2 + 3*g - 15. What is the remainder when 73 is divided by x(10)?
13
Let q = -45 + 63. Let n be 8/36 - (-680)/q. Let l = n + 1. Calculate the remainder when l is divided by 14.
11
Suppose 0*c + 2*c - 34 = 0. Suppose -4*v - c + 93 = 0. Calculate the remainder when 92 is divided by v.
16
Let x(k) = -k**3 + 4*k**2 + 2*k - 1. Let q be x(5). What is the remainder when 4/q*41*-4 is divided by 14?
13
Let d = 717 + -480. What is the remainder when d is divided by 24?
21
Let k = -4 - -38. What is the remainder when k is divided by 1*-36*-1*3/6?
16
Suppose -7*t + 156 = -t. Let r(y) = y**3 - 9*y**2 + 6. Let d be r(9). Let j(v) = -v + 13. Calculate the remainder when t is divided by j(d).
5
Let k = 83 - 69. Calculate the remainder when k is divided by (11 - 3)*(-2)/(-4).
2
Suppose 0 = 4*w + 40 - 72. What is the remainder when w is divided by 4?
0
Let n = 8 + 5. Suppose -157 = -5*k + 93. What is the remainder when k is divided by n?
11
Let j = -19 + 22. Calculate the remainder when 6 is divided by j.
0
Suppose 0 = 3*v + 4*g - 573, g - 6*g - 795 = -4*v. Suppose 59 = 2*c - 3*j - 0*j, 2*j - v = -5*c. Calculate the remainder when c is divided by 2 - (4/(-2) + -9).
11
Let m = 2 + 26. Let v be -2 + 4 - (2 + -2). Calculate the remainder when m is divided by (-20)/1*(-1)/v.
8
Suppose 0 = -5*w - 5*n + 70, -w